{"id":18,"date":"2021-01-19T19:41:13","date_gmt":"2021-01-19T19:41:13","guid":{"rendered":"http:\/\/charlesetleona.com?page_id=18"},"modified":"2024-08-29T05:33:01","modified_gmt":"2024-08-29T05:33:01","slug":"mentions-legales","status":"publish","type":"page","link":"https:\/\/uslab.fr\/?page_id=18","title":{"rendered":"Mentions l\u00e9gales"},"content":{"rendered":"\t\t<div data-elementor-type=\"wp-page\" data-elementor-id=\"18\" class=\"elementor elementor-18\" data-elementor-post-type=\"page\">\n\t\t\t\t<div class=\"elementor-element elementor-element-7906ccac e-flex e-con-boxed e-con e-parent\" data-id=\"7906ccac\" data-element_type=\"container\">\n\t\t\t\t\t<div class=\"e-con-inner\">\n\t\t\t\t\t<\/div>\n\t\t\t\t<\/div>\n\t\t<div class=\"elementor-element elementor-element-7e572f2 e-flex e-con-boxed e-con e-parent\" data-id=\"7e572f2\" data-element_type=\"container\">\n\t\t\t\t\t<div class=\"e-con-inner\">\n\t\t\t\t<div class=\"elementor-element elementor-element-852ed3e elementor-widget elementor-widget-heading\" data-id=\"852ed3e\" data-element_type=\"widget\" data-widget_type=\"heading.default\">\n\t\t\t\t<div class=\"elementor-widget-container\">\n\t\t\t\t\t<h3 class=\"elementor-heading-title elementor-size-default\">Mentions l\u00e9gales<\/h3>\t\t\t\t<\/div>\n\t\t\t\t<\/div>\n\t\t\t\t<div class=\"elementor-element elementor-element-50c1f07 elementor-widget elementor-widget-text-editor\" data-id=\"50c1f07\" data-element_type=\"widget\" data-widget_type=\"text-editor.default\">\n\t\t\t\t<div class=\"elementor-widget-container\">\n\t\t\t\t\t\t\t\t\t<h4>Informations sur la soci\u00e9t\u00e9<\/h4><p><strong>Raison sociale :<\/strong> US LAB<\/p><p><strong>Forme juridique :<\/strong> Entreprise Unipersonnelle \u00e0 Responsabilit\u00e9 Limit\u00e9e (EURL)<\/p><p><strong>Adresse :<\/strong> 23 rue de Rungis, 75013 Paris<\/p><p><strong>T\u00e9l\u00e9phone :<\/strong> +33 (0) 6 98 43 28 28<\/p><p><strong>E-mail :<\/strong> <a href=\"mailto:contact@uslab.eu\" target=\"_new\">contact@uslab.eu<\/a><\/p><p><strong>Num\u00e9ro SIREN :<\/strong> 919639609<\/p><p><strong>Directeur de la publication :<\/strong> [Nom du directeur de la publication]<\/p><h4>H\u00e9bergement<\/h4><p>Ce site est h\u00e9berg\u00e9 par [Nom de l&rsquo;h\u00e9bergeur], dont le si\u00e8ge social est situ\u00e9 \u00e0 [Adresse de l&rsquo;h\u00e9bergeur].<\/p><h4>Propri\u00e9t\u00e9 intellectuelle<\/h4><p>L&rsquo;ensemble du contenu de ce site, incluant mais sans s&rsquo;y limiter, les textes, graphiques, logos, images, ic\u00f4nes et vid\u00e9os, est la propri\u00e9t\u00e9 exclusive d&rsquo;US LAB et est prot\u00e9g\u00e9 par les lois fran\u00e7aises et internationales sur le droit d&rsquo;auteur et la propri\u00e9t\u00e9 intellectuelle. Toute reproduction, distribution, modification ou utilisation du contenu sans autorisation \u00e9crite pr\u00e9alable d&rsquo;USLAB est strictement interdite.<\/p><h4>Collecte et traitement des donn\u00e9es personnelles<\/h4><p>Pour plus d&rsquo;informations sur la collecte et le traitement de vos donn\u00e9es personnelles, veuillez consulter notre [Politique de Confidentialit\u00e9](lien vers la politique de confidentialit\u00e9).<\/p><h4>Liens externes<\/h4><p>Notre site peut contenir des liens vers des sites tiers. Nous n&rsquo;assumons aucune responsabilit\u00e9 quant au contenu, \u00e0 la confidentialit\u00e9 ou aux pratiques de ces sites. Nous vous encourageons \u00e0 lire les politiques de confidentialit\u00e9 et les mentions l\u00e9gales de ces sites.<\/p><h4>Contact<\/h4><p>Pour toute question concernant les mentions l\u00e9gales, veuillez nous contacter \u00e0 l&rsquo;adresse suivante :<\/p><p>US LAB 23 rue de Rungis 75013 Paris<\/p><p>E-mail : <a href=\"mailto:contact@uslab.eu\" target=\"_new\">contact@uslab.eu<\/a> T\u00e9l\u00e9phone : +33 (0) 6 98 43 28 28<\/p><p>Les mentions l\u00e9gales sont un \u00e9l\u00e9ment incontournable pour tout site internet. Elles pr\u00e9cisent le propri\u00e9taire du site internet d\u00e9finissent les droits et obligations, pour en\u00a0<a href=\"https:\/\/kellyguilbertavocat.com\/conditions-generales-de-vente-pour-un-site-ecommerce\/\" target=\"_blank\" rel=\"noopener\">savoir plus<\/a>.<\/p>\t\t\t\t\t\t\t\t<\/div>\n\t\t\t\t<\/div>\n\t\t\t\t\t<\/div>\n\t\t\t\t<\/div>\n\t\t\t\t<\/div>\n\t\t","protected":false},"excerpt":{"rendered":"<p>Mentions l\u00e9gales Informations sur la soci\u00e9t\u00e9 Raison sociale : US LAB Forme juridique : Entreprise Unipersonnelle \u00e0 Responsabilit\u00e9 Limit\u00e9e (EURL) Adresse : 23 rue de Rungis, 75013 Paris T\u00e9l\u00e9phone : +33 (0) 6 98 43 28 28 E-mail : contact@uslab.eu Num\u00e9ro SIREN : 919639609 Directeur de la publication : [Nom du directeur de la publication] [&hellip;]<\/p>\n","protected":false},"author":1,"featured_media":0,"parent":0,"menu_order":0,"comment_status":"closed","ping_status":"closed","template":"","meta":{"footnotes":""},"class_list":["post-18","page","type-page","status-publish","hentry"],"yoast_head":"<!-- This site is optimized with the Yoast SEO plugin v25.8 - https:\/\/yoast.com\/wordpress\/plugins\/seo\/ -->\n<title>Mentions l\u00e9gales - US LAB<\/title>\n<meta name=\"robots\" content=\"index, follow, max-snippet:-1, max-image-preview:large, max-video-preview:-1\" \/>\n<link rel=\"canonical\" href=\"https:\/\/uslab.fr\/?page_id=18\" \/>\n<meta property=\"og:locale\" content=\"fr_FR\" \/>\n<meta property=\"og:type\" content=\"article\" \/>\n<meta property=\"og:title\" content=\"Mentions l\u00e9gales - US LAB\" \/>\n<meta property=\"og:description\" content=\"Mentions l\u00e9gales Informations sur la soci\u00e9t\u00e9 Raison sociale : US LAB Forme juridique : Entreprise Unipersonnelle \u00e0 Responsabilit\u00e9 Limit\u00e9e (EURL) Adresse : 23 rue de Rungis, 75013 Paris T\u00e9l\u00e9phone : +33 (0) 6 98 43 28 28 E-mail : contact@uslab.eu Num\u00e9ro SIREN : 919639609 Directeur de la publication : [Nom du directeur de la publication] [&hellip;]\" \/>\n<meta property=\"og:url\" content=\"https:\/\/uslab.fr\/?page_id=18\" \/>\n<meta property=\"og:site_name\" content=\"US LAB\" \/>\n<meta property=\"article:modified_time\" content=\"2024-08-29T05:33:01+00:00\" \/>\n<meta name=\"twitter:card\" content=\"summary_large_image\" \/>\n<meta name=\"twitter:label1\" content=\"Dur\u00e9e de lecture estim\u00e9e\" \/>\n\t<meta name=\"twitter:data1\" content=\"2 minutes\" \/>\n<script type=\"application\/ld+json\" class=\"yoast-schema-graph\">{\"@context\":\"https:\/\/schema.org\",\"@graph\":[{\"@type\":\"WebPage\",\"@id\":\"https:\/\/uslab.fr\/?page_id=18\",\"url\":\"https:\/\/uslab.fr\/?page_id=18\",\"name\":\"Mentions l\u00e9gales - US LAB\",\"isPartOf\":{\"@id\":\"https:\/\/uslab.fr\/#website\"},\"datePublished\":\"2021-01-19T19:41:13+00:00\",\"dateModified\":\"2024-08-29T05:33:01+00:00\",\"breadcrumb\":{\"@id\":\"https:\/\/uslab.fr\/?page_id=18#breadcrumb\"},\"inLanguage\":\"fr-FR\",\"potentialAction\":[{\"@type\":\"ReadAction\",\"target\":[\"https:\/\/uslab.fr\/?page_id=18\"]}]},{\"@type\":\"BreadcrumbList\",\"@id\":\"https:\/\/uslab.fr\/?page_id=18#breadcrumb\",\"itemListElement\":[{\"@type\":\"ListItem\",\"position\":1,\"name\":\"Accueil\",\"item\":\"https:\/\/uslab.fr\/\"},{\"@type\":\"ListItem\",\"position\":2,\"name\":\"Mentions l\u00e9gales\"}]},{\"@type\":\"WebSite\",\"@id\":\"https:\/\/uslab.fr\/#website\",\"url\":\"https:\/\/uslab.fr\/\",\"name\":\"US LAB\",\"description\":\"D\u00e9tachants &amp; lessives\",\"publisher\":{\"@id\":\"https:\/\/uslab.fr\/#organization\"},\"potentialAction\":[{\"@type\":\"SearchAction\",\"target\":{\"@type\":\"EntryPoint\",\"urlTemplate\":\"https:\/\/uslab.fr\/?s={search_term_string}\"},\"query-input\":{\"@type\":\"PropertyValueSpecification\",\"valueRequired\":true,\"valueName\":\"search_term_string\"}}],\"inLanguage\":\"fr-FR\"},{\"@type\":\"Organization\",\"@id\":\"https:\/\/uslab.fr\/#organization\",\"name\":\"US LAB\",\"url\":\"https:\/\/uslab.fr\/\",\"logo\":{\"@type\":\"ImageObject\",\"inLanguage\":\"fr-FR\",\"@id\":\"https:\/\/uslab.fr\/#\/schema\/logo\/image\/\",\"url\":\"https:\/\/uslab.fr\/wp-content\/uploads\/2023\/10\/cropped-logoline-1-400-400x77-1-1.png\",\"contentUrl\":\"https:\/\/uslab.fr\/wp-content\/uploads\/2023\/10\/cropped-logoline-1-400-400x77-1-1.png\",\"width\":400,\"height\":77,\"caption\":\"US LAB\"},\"image\":{\"@id\":\"https:\/\/uslab.fr\/#\/schema\/logo\/image\/\"}}]}<\/script>\n<!-- \/ Yoast SEO plugin. -->","yoast_head_json":{"title":"Mentions l\u00e9gales - US LAB","robots":{"index":"index","follow":"follow","max-snippet":"max-snippet:-1","max-image-preview":"max-image-preview:large","max-video-preview":"max-video-preview:-1"},"canonical":"https:\/\/uslab.fr\/?page_id=18","og_locale":"fr_FR","og_type":"article","og_title":"Mentions l\u00e9gales - US LAB","og_description":"Mentions l\u00e9gales Informations sur la soci\u00e9t\u00e9 Raison sociale : US LAB Forme juridique : Entreprise Unipersonnelle \u00e0 Responsabilit\u00e9 Limit\u00e9e (EURL) Adresse : 23 rue de Rungis, 75013 Paris T\u00e9l\u00e9phone : +33 (0) 6 98 43 28 28 E-mail : contact@uslab.eu Num\u00e9ro SIREN : 919639609 Directeur de la publication : [Nom du directeur de la publication] [&hellip;]","og_url":"https:\/\/uslab.fr\/?page_id=18","og_site_name":"US LAB","article_modified_time":"2024-08-29T05:33:01+00:00","twitter_card":"summary_large_image","twitter_misc":{"Dur\u00e9e de lecture estim\u00e9e":"2 minutes"},"schema":{"@context":"https:\/\/schema.org","@graph":[{"@type":"WebPage","@id":"https:\/\/uslab.fr\/?page_id=18","url":"https:\/\/uslab.fr\/?page_id=18","name":"Mentions l\u00e9gales - US LAB","isPartOf":{"@id":"https:\/\/uslab.fr\/#website"},"datePublished":"2021-01-19T19:41:13+00:00","dateModified":"2024-08-29T05:33:01+00:00","breadcrumb":{"@id":"https:\/\/uslab.fr\/?page_id=18#breadcrumb"},"inLanguage":"fr-FR","potentialAction":[{"@type":"ReadAction","target":["https:\/\/uslab.fr\/?page_id=18"]}]},{"@type":"BreadcrumbList","@id":"https:\/\/uslab.fr\/?page_id=18#breadcrumb","itemListElement":[{"@type":"ListItem","position":1,"name":"Accueil","item":"https:\/\/uslab.fr\/"},{"@type":"ListItem","position":2,"name":"Mentions l\u00e9gales"}]},{"@type":"WebSite","@id":"https:\/\/uslab.fr\/#website","url":"https:\/\/uslab.fr\/","name":"US LAB","description":"D\u00e9tachants &amp; lessives","publisher":{"@id":"https:\/\/uslab.fr\/#organization"},"potentialAction":[{"@type":"SearchAction","target":{"@type":"EntryPoint","urlTemplate":"https:\/\/uslab.fr\/?s={search_term_string}"},"query-input":{"@type":"PropertyValueSpecification","valueRequired":true,"valueName":"search_term_string"}}],"inLanguage":"fr-FR"},{"@type":"Organization","@id":"https:\/\/uslab.fr\/#organization","name":"US LAB","url":"https:\/\/uslab.fr\/","logo":{"@type":"ImageObject","inLanguage":"fr-FR","@id":"https:\/\/uslab.fr\/#\/schema\/logo\/image\/","url":"https:\/\/uslab.fr\/wp-content\/uploads\/2023\/10\/cropped-logoline-1-400-400x77-1-1.png","contentUrl":"https:\/\/uslab.fr\/wp-content\/uploads\/2023\/10\/cropped-logoline-1-400-400x77-1-1.png","width":400,"height":77,"caption":"US LAB"},"image":{"@id":"https:\/\/uslab.fr\/#\/schema\/logo\/image\/"}}]}},"_links":{"self":[{"href":"https:\/\/uslab.fr\/index.php?rest_route=\/wp\/v2\/pages\/18","targetHints":{"allow":["GET"]}}],"collection":[{"href":"https:\/\/uslab.fr\/index.php?rest_route=\/wp\/v2\/pages"}],"about":[{"href":"https:\/\/uslab.fr\/index.php?rest_route=\/wp\/v2\/types\/page"}],"author":[{"embeddable":true,"href":"https:\/\/uslab.fr\/index.php?rest_route=\/wp\/v2\/users\/1"}],"replies":[{"embeddable":true,"href":"https:\/\/uslab.fr\/index.php?rest_route=%2Fwp%2Fv2%2Fcomments&post=18"}],"version-history":[{"count":21,"href":"https:\/\/uslab.fr\/index.php?rest_route=\/wp\/v2\/pages\/18\/revisions"}],"predecessor-version":[{"id":1891,"href":"https:\/\/uslab.fr\/index.php?rest_route=\/wp\/v2\/pages\/18\/revisions\/1891"}],"wp:attachment":[{"href":"https:\/\/uslab.fr\/index.php?rest_route=%2Fwp%2Fv2%2Fmedia&parent=18"}],"curies":[{"name":"wp","href":"https:\/\/api.w.org\/{rel}","templated":true}]}}