{"id":1413,"date":"2023-10-22T19:27:38","date_gmt":"2023-10-22T19:27:38","guid":{"rendered":"https:\/\/uslab.fr\/?page_id=1413"},"modified":"2024-01-12T11:52:39","modified_gmt":"2024-01-12T11:52:39","slug":"solutions-shoes-cleaner","status":"publish","type":"page","link":"https:\/\/uslab.fr\/?page_id=1413","title":{"rendered":"Solutions shoes-cleaner"},"content":{"rendered":"\t\t<div data-elementor-type=\"wp-page\" data-elementor-id=\"1413\" class=\"elementor elementor-1413\" data-elementor-post-type=\"page\">\n\t\t\t\t<div class=\"elementor-element elementor-element-3c6adb8 e-flex e-con-boxed e-con e-parent\" data-id=\"3c6adb8\" data-element_type=\"container\" data-settings=\"{&quot;background_background&quot;:&quot;classic&quot;}\">\n\t\t\t\t\t<div class=\"e-con-inner\">\n\t\t\t\t<div class=\"elementor-element elementor-element-86fe9aa elementor-widget elementor-widget-image\" data-id=\"86fe9aa\" data-element_type=\"widget\" data-widget_type=\"image.default\">\n\t\t\t\t<div class=\"elementor-widget-container\">\n\t\t\t\t\t\t\t\t\t\t\t\t\t\t\t<img decoding=\"async\" src=\"https:\/\/uslab.fr\/wp-content\/uploads\/elementor\/thumbs\/32293-rbeehkqm9gq7hfrpix4i57qgqmw9uwbrw70v82d9w2.jpg\" title=\"32293\" alt=\"32293\" loading=\"lazy\" \/>\t\t\t\t\t\t\t\t\t\t\t\t\t\t\t<\/div>\n\t\t\t\t<\/div>\n\t\t\t\t<div class=\"elementor-element elementor-element-545e90a elementor-widget elementor-widget-heading\" data-id=\"545e90a\" data-element_type=\"widget\" data-widget_type=\"heading.default\">\n\t\t\t\t<div class=\"elementor-widget-container\">\n\t\t\t\t\t<h1 class=\"elementor-heading-title elementor-size-default\">Solutions shoes-cleaner<\/h1>\t\t\t\t<\/div>\n\t\t\t\t<\/div>\n\t\t\t\t<div class=\"elementor-element elementor-element-0ad05b1 elementor-widget elementor-widget-heading\" data-id=\"0ad05b1\" data-element_type=\"widget\" data-widget_type=\"heading.default\">\n\t\t\t\t<div class=\"elementor-widget-container\">\n\t\t\t\t\t<h2 class=\"elementor-heading-title elementor-size-default\">Pour redonner vie aux chaussures et aux sneakers<\/h2>\t\t\t\t<\/div>\n\t\t\t\t<\/div>\n\t\t\t\t\t<\/div>\n\t\t\t\t<\/div>\n\t\t<div class=\"elementor-element elementor-element-90d82e6 e-flex e-con-boxed e-con e-parent\" data-id=\"90d82e6\" data-element_type=\"container\">\n\t\t\t\t\t<div class=\"e-con-inner\">\n\t\t<div class=\"elementor-element elementor-element-1810c72 e-con-full e-flex e-con e-child\" data-id=\"1810c72\" data-element_type=\"container\">\n\t\t\t\t<div class=\"elementor-element elementor-element-629717d elementor-widget elementor-widget-image\" data-id=\"629717d\" data-element_type=\"widget\" data-widget_type=\"image.default\">\n\t\t\t\t<div class=\"elementor-widget-container\">\n\t\t\t\t\t\t\t\t\t\t\t\t\t\t\t<img fetchpriority=\"high\" decoding=\"async\" width=\"640\" height=\"640\" src=\"https:\/\/uslab.fr\/wp-content\/uploads\/2023\/10\/shoes-cleaner.jpeg\" class=\"attachment-large size-large wp-image-1283\" alt=\"\" srcset=\"https:\/\/uslab.fr\/wp-content\/uploads\/2023\/10\/shoes-cleaner.jpeg 640w, https:\/\/uslab.fr\/wp-content\/uploads\/2023\/10\/shoes-cleaner-300x300.jpeg 300w, https:\/\/uslab.fr\/wp-content\/uploads\/2023\/10\/shoes-cleaner-150x150.jpeg 150w, https:\/\/uslab.fr\/wp-content\/uploads\/2023\/10\/shoes-cleaner-12x12.jpeg 12w, https:\/\/uslab.fr\/wp-content\/uploads\/2023\/10\/shoes-cleaner-600x600.jpeg 600w, https:\/\/uslab.fr\/wp-content\/uploads\/2023\/10\/shoes-cleaner-100x100.jpeg 100w\" sizes=\"(max-width: 640px) 100vw, 640px\" \/>\t\t\t\t\t\t\t\t\t\t\t\t\t\t\t<\/div>\n\t\t\t\t<\/div>\n\t\t\t\t<div class=\"elementor-element elementor-element-d8b8f94 elementor-widget elementor-widget-heading\" data-id=\"d8b8f94\" data-element_type=\"widget\" data-widget_type=\"heading.default\">\n\t\t\t\t<div class=\"elementor-widget-container\">\n\t\t\t\t\t<h4 class=\"elementor-heading-title elementor-size-default\">Shoes Cleaner\n<\/h4>\t\t\t\t<\/div>\n\t\t\t\t<\/div>\n\t\t\t\t<div class=\"elementor-element elementor-element-db956ec elementor-widget elementor-widget-heading\" data-id=\"db956ec\" data-element_type=\"widget\" data-widget_type=\"heading.default\">\n\t\t\t\t<div class=\"elementor-widget-container\">\n\t\t\t\t\t<p class=\"elementor-heading-title elementor-size-default\">Agent Nettoyant actif pour tout type de chaussures et de mati\u00e8res, Su\u00e8de, Velours, Cuir, Nubuck, Cro\u00fbte, Caoutchouc, Lin, Gore-Tex, Nylon, Satin, Espadrille, Plastique, Vinyle\n<\/p>\t\t\t\t<\/div>\n\t\t\t\t<\/div>\n\t\t\t\t<div class=\"elementor-element elementor-element-d02bfba elementor-align-justify elementor-hidden-desktop elementor-hidden-tablet elementor-widget elementor-widget-button\" data-id=\"d02bfba\" data-element_type=\"widget\" data-widget_type=\"button.default\">\n\t\t\t\t<div class=\"elementor-widget-container\">\n\t\t\t\t\t\t\t\t\t<div class=\"elementor-button-wrapper\">\n\t\t\t\t\t<a class=\"elementor-button elementor-button-link elementor-size-sm\" href=\"https:\/\/uslab.eu\/assets\/files\/Fiche%20produit%20Shoe%20cleaner-web.pdf\">\n\t\t\t\t\t\t<span class=\"elementor-button-content-wrapper\">\n\t\t\t\t\t\t\t\t\t<span class=\"elementor-button-text\">D\u00e9couvrir<\/span>\n\t\t\t\t\t<\/span>\n\t\t\t\t\t<\/a>\n\t\t\t\t<\/div>\n\t\t\t\t\t\t\t\t<\/div>\n\t\t\t\t<\/div>\n\t\t\t\t<\/div>\n\t\t<div class=\"elementor-element elementor-element-480dbc8 e-con-full e-flex e-con e-child\" data-id=\"480dbc8\" data-element_type=\"container\">\n\t\t\t\t<div class=\"elementor-element elementor-element-09d3b52 elementor-widget elementor-widget-image\" data-id=\"09d3b52\" data-element_type=\"widget\" data-widget_type=\"image.default\">\n\t\t\t\t<div class=\"elementor-widget-container\">\n\t\t\t\t\t\t\t\t\t\t\t\t\t\t\t<img decoding=\"async\" width=\"640\" height=\"640\" src=\"https:\/\/uslab.fr\/wp-content\/uploads\/2023\/10\/cover-clean.jpeg\" class=\"attachment-large size-large wp-image-1285\" alt=\"\" srcset=\"https:\/\/uslab.fr\/wp-content\/uploads\/2023\/10\/cover-clean.jpeg 640w, https:\/\/uslab.fr\/wp-content\/uploads\/2023\/10\/cover-clean-300x300.jpeg 300w, https:\/\/uslab.fr\/wp-content\/uploads\/2023\/10\/cover-clean-150x150.jpeg 150w, https:\/\/uslab.fr\/wp-content\/uploads\/2023\/10\/cover-clean-12x12.jpeg 12w, https:\/\/uslab.fr\/wp-content\/uploads\/2023\/10\/cover-clean-600x600.jpeg 600w, https:\/\/uslab.fr\/wp-content\/uploads\/2023\/10\/cover-clean-100x100.jpeg 100w\" sizes=\"(max-width: 640px) 100vw, 640px\" \/>\t\t\t\t\t\t\t\t\t\t\t\t\t\t\t<\/div>\n\t\t\t\t<\/div>\n\t\t\t\t<div class=\"elementor-element elementor-element-8fd6df9 elementor-widget elementor-widget-heading\" data-id=\"8fd6df9\" data-element_type=\"widget\" data-widget_type=\"heading.default\">\n\t\t\t\t<div class=\"elementor-widget-container\">\n\t\t\t\t\t<h4 class=\"elementor-heading-title elementor-size-default\">Cover Clean 75 ml\n<\/h4>\t\t\t\t<\/div>\n\t\t\t\t<\/div>\n\t\t\t\t<div class=\"elementor-element elementor-element-08c91d1 elementor-widget elementor-widget-heading\" data-id=\"08c91d1\" data-element_type=\"widget\" data-widget_type=\"heading.default\">\n\t\t\t\t<div class=\"elementor-widget-container\">\n\t\t\t\t\t<p class=\"elementor-heading-title elementor-size-default\">Blanchisseur pour chaussures en cuir, cuir synth\u00e9tique et textile.\n<\/p>\t\t\t\t<\/div>\n\t\t\t\t<\/div>\n\t\t\t\t<div class=\"elementor-element elementor-element-74eca3e elementor-align-justify elementor-hidden-desktop elementor-hidden-tablet elementor-widget elementor-widget-button\" data-id=\"74eca3e\" data-element_type=\"widget\" data-widget_type=\"button.default\">\n\t\t\t\t<div class=\"elementor-widget-container\">\n\t\t\t\t\t\t\t\t\t<div class=\"elementor-button-wrapper\">\n\t\t\t\t\t<a class=\"elementor-button elementor-button-link elementor-size-sm\" href=\"https:\/\/uslab.eu\/assets\/files\/Fiche%20produit%20Cover%20Clean-web.pdf\">\n\t\t\t\t\t\t<span class=\"elementor-button-content-wrapper\">\n\t\t\t\t\t\t\t\t\t<span class=\"elementor-button-text\">D\u00e9couvrir<\/span>\n\t\t\t\t\t<\/span>\n\t\t\t\t\t<\/a>\n\t\t\t\t<\/div>\n\t\t\t\t\t\t\t\t<\/div>\n\t\t\t\t<\/div>\n\t\t\t\t<\/div>\n\t\t<div class=\"elementor-element elementor-element-bc79ff8 e-con-full e-flex e-con e-child\" data-id=\"bc79ff8\" data-element_type=\"container\">\n\t\t\t\t<div class=\"elementor-element elementor-element-a5381ad elementor-widget elementor-widget-image\" data-id=\"a5381ad\" data-element_type=\"widget\" data-widget_type=\"image.default\">\n\t\t\t\t<div class=\"elementor-widget-container\">\n\t\t\t\t\t\t\t\t\t\t\t\t\t\t\t<img decoding=\"async\" width=\"640\" height=\"640\" src=\"https:\/\/uslab.fr\/wp-content\/uploads\/2023\/10\/refresh-shoes.jpeg\" class=\"attachment-large size-large wp-image-1287\" alt=\"\" srcset=\"https:\/\/uslab.fr\/wp-content\/uploads\/2023\/10\/refresh-shoes.jpeg 640w, https:\/\/uslab.fr\/wp-content\/uploads\/2023\/10\/refresh-shoes-300x300.jpeg 300w, https:\/\/uslab.fr\/wp-content\/uploads\/2023\/10\/refresh-shoes-150x150.jpeg 150w, https:\/\/uslab.fr\/wp-content\/uploads\/2023\/10\/refresh-shoes-12x12.jpeg 12w, https:\/\/uslab.fr\/wp-content\/uploads\/2023\/10\/refresh-shoes-600x600.jpeg 600w, https:\/\/uslab.fr\/wp-content\/uploads\/2023\/10\/refresh-shoes-100x100.jpeg 100w\" sizes=\"(max-width: 640px) 100vw, 640px\" \/>\t\t\t\t\t\t\t\t\t\t\t\t\t\t\t<\/div>\n\t\t\t\t<\/div>\n\t\t\t\t<div class=\"elementor-element elementor-element-c08f43b elementor-widget elementor-widget-heading\" data-id=\"c08f43b\" data-element_type=\"widget\" data-widget_type=\"heading.default\">\n\t\t\t\t<div class=\"elementor-widget-container\">\n\t\t\t\t\t<h4 class=\"elementor-heading-title elementor-size-default\">Refresh Shoes 100 ml\n<\/h4>\t\t\t\t<\/div>\n\t\t\t\t<\/div>\n\t\t\t\t<div class=\"elementor-element elementor-element-a927eb9 elementor-widget elementor-widget-heading\" data-id=\"a927eb9\" data-element_type=\"widget\" data-widget_type=\"heading.default\">\n\t\t\t\t<div class=\"elementor-widget-container\">\n\t\t\t\t\t<p class=\"elementor-heading-title elementor-size-default\">Produit anti-odeur hygi\u00e8nisant pour chaussures, linge, tissus, voiture\u2026\n\n<\/p>\t\t\t\t<\/div>\n\t\t\t\t<\/div>\n\t\t\t\t<div class=\"elementor-element elementor-element-10c57ef elementor-align-justify elementor-hidden-desktop elementor-hidden-tablet elementor-widget elementor-widget-button\" data-id=\"10c57ef\" data-element_type=\"widget\" data-widget_type=\"button.default\">\n\t\t\t\t<div class=\"elementor-widget-container\">\n\t\t\t\t\t\t\t\t\t<div class=\"elementor-button-wrapper\">\n\t\t\t\t\t<a class=\"elementor-button elementor-button-link elementor-size-sm\" href=\"https:\/\/uslab.eu\/assets\/files\/Fiche-RefreshShoes.pdf\">\n\t\t\t\t\t\t<span class=\"elementor-button-content-wrapper\">\n\t\t\t\t\t\t\t\t\t<span class=\"elementor-button-text\">D\u00e9couvrir<\/span>\n\t\t\t\t\t<\/span>\n\t\t\t\t\t<\/a>\n\t\t\t\t<\/div>\n\t\t\t\t\t\t\t\t<\/div>\n\t\t\t\t<\/div>\n\t\t\t\t<\/div>\n\t\t<div class=\"elementor-element elementor-element-8c276ad e-con-full e-flex e-con e-child\" data-id=\"8c276ad\" data-element_type=\"container\">\n\t\t\t\t<\/div>\n\t\t\t\t\t<\/div>\n\t\t\t\t<\/div>\n\t\t<div class=\"elementor-element elementor-element-dcddf3c elementor-hidden-mobile e-flex e-con-boxed e-con e-parent\" data-id=\"dcddf3c\" data-element_type=\"container\">\n\t\t\t\t\t<div class=\"e-con-inner\">\n\t\t<div class=\"elementor-element elementor-element-cc9d938 e-con-full e-flex e-con e-child\" data-id=\"cc9d938\" data-element_type=\"container\">\n\t\t\t\t<div class=\"elementor-element elementor-element-eb1de1f elementor-align-justify elementor-widget elementor-widget-button\" data-id=\"eb1de1f\" data-element_type=\"widget\" data-widget_type=\"button.default\">\n\t\t\t\t<div class=\"elementor-widget-container\">\n\t\t\t\t\t\t\t\t\t<div class=\"elementor-button-wrapper\">\n\t\t\t\t\t<a class=\"elementor-button elementor-button-link elementor-size-sm\" href=\"https:\/\/uslab.eu\/assets\/files\/Fiche%20produit%20Shoe%20cleaner-web.pdf\">\n\t\t\t\t\t\t<span class=\"elementor-button-content-wrapper\">\n\t\t\t\t\t\t\t\t\t<span class=\"elementor-button-text\">D\u00e9couvrir<\/span>\n\t\t\t\t\t<\/span>\n\t\t\t\t\t<\/a>\n\t\t\t\t<\/div>\n\t\t\t\t\t\t\t\t<\/div>\n\t\t\t\t<\/div>\n\t\t\t\t<\/div>\n\t\t<div class=\"elementor-element elementor-element-32fd482 e-con-full e-flex e-con e-child\" data-id=\"32fd482\" data-element_type=\"container\">\n\t\t\t\t<div class=\"elementor-element elementor-element-d990840 elementor-align-justify elementor-widget elementor-widget-button\" data-id=\"d990840\" data-element_type=\"widget\" data-widget_type=\"button.default\">\n\t\t\t\t<div class=\"elementor-widget-container\">\n\t\t\t\t\t\t\t\t\t<div class=\"elementor-button-wrapper\">\n\t\t\t\t\t<a class=\"elementor-button elementor-button-link elementor-size-sm\" href=\"https:\/\/uslab.eu\/assets\/files\/Fiche%20produit%20Cover%20Clean-web.pdf\">\n\t\t\t\t\t\t<span class=\"elementor-button-content-wrapper\">\n\t\t\t\t\t\t\t\t\t<span class=\"elementor-button-text\">D\u00e9couvrir<\/span>\n\t\t\t\t\t<\/span>\n\t\t\t\t\t<\/a>\n\t\t\t\t<\/div>\n\t\t\t\t\t\t\t\t<\/div>\n\t\t\t\t<\/div>\n\t\t\t\t<\/div>\n\t\t<div class=\"elementor-element elementor-element-6825ab0 e-con-full e-flex e-con e-child\" data-id=\"6825ab0\" data-element_type=\"container\">\n\t\t\t\t<div class=\"elementor-element elementor-element-fcdfa09 elementor-align-justify elementor-widget elementor-widget-button\" data-id=\"fcdfa09\" data-element_type=\"widget\" data-widget_type=\"button.default\">\n\t\t\t\t<div class=\"elementor-widget-container\">\n\t\t\t\t\t\t\t\t\t<div class=\"elementor-button-wrapper\">\n\t\t\t\t\t<a class=\"elementor-button elementor-button-link elementor-size-sm\" href=\"https:\/\/uslab.eu\/assets\/files\/Fiche-RefreshShoes.pdf\">\n\t\t\t\t\t\t<span class=\"elementor-button-content-wrapper\">\n\t\t\t\t\t\t\t\t\t<span class=\"elementor-button-text\">D\u00e9couvrir<\/span>\n\t\t\t\t\t<\/span>\n\t\t\t\t\t<\/a>\n\t\t\t\t<\/div>\n\t\t\t\t\t\t\t\t<\/div>\n\t\t\t\t<\/div>\n\t\t\t\t<\/div>\n\t\t<div class=\"elementor-element elementor-element-092c8e4 e-con-full e-flex e-con e-child\" data-id=\"092c8e4\" data-element_type=\"container\">\n\t\t\t\t<\/div>\n\t\t\t\t\t<\/div>\n\t\t\t\t<\/div>\n\t\t\t\t<\/div>\n\t\t","protected":false},"excerpt":{"rendered":"<p>Solutions shoes-cleaner Pour redonner vie aux chaussures et aux sneakers Shoes Cleaner Agent Nettoyant actif pour tout type de chaussures et de mati\u00e8res, Su\u00e8de, Velours, Cuir, Nubuck, Cro\u00fbte, Caoutchouc, Lin, Gore-Tex, Nylon, Satin, Espadrille, Plastique, Vinyle D\u00e9couvrir Cover Clean 75 ml Blanchisseur pour chaussures en cuir, cuir synth\u00e9tique et textile. D\u00e9couvrir Refresh Shoes 100 ml [&hellip;]<\/p>\n","protected":false},"author":1,"featured_media":0,"parent":0,"menu_order":0,"comment_status":"closed","ping_status":"closed","template":"","meta":{"footnotes":""},"class_list":["post-1413","page","type-page","status-publish","hentry"],"yoast_head":"<!-- This site is optimized with the Yoast SEO plugin v25.8 - https:\/\/yoast.com\/wordpress\/plugins\/seo\/ -->\n<title>Solutions shoes-cleaner - US LAB<\/title>\n<meta name=\"robots\" content=\"index, follow, max-snippet:-1, max-image-preview:large, max-video-preview:-1\" \/>\n<link rel=\"canonical\" href=\"https:\/\/uslab.fr\/?page_id=1413\" \/>\n<meta property=\"og:locale\" content=\"fr_FR\" \/>\n<meta property=\"og:type\" content=\"article\" \/>\n<meta property=\"og:title\" content=\"Solutions shoes-cleaner - US LAB\" \/>\n<meta property=\"og:description\" content=\"Solutions shoes-cleaner Pour redonner vie aux chaussures et aux sneakers Shoes Cleaner Agent Nettoyant actif pour tout type de chaussures et de mati\u00e8res, Su\u00e8de, Velours, Cuir, Nubuck, Cro\u00fbte, Caoutchouc, Lin, Gore-Tex, Nylon, Satin, Espadrille, Plastique, Vinyle D\u00e9couvrir Cover Clean 75 ml Blanchisseur pour chaussures en cuir, cuir synth\u00e9tique et textile. D\u00e9couvrir Refresh Shoes 100 ml [&hellip;]\" \/>\n<meta property=\"og:url\" content=\"https:\/\/uslab.fr\/?page_id=1413\" \/>\n<meta property=\"og:site_name\" content=\"US LAB\" \/>\n<meta property=\"article:modified_time\" content=\"2024-01-12T11:52:39+00:00\" \/>\n<meta property=\"og:image\" content=\"https:\/\/uslab.fr\/wp-content\/uploads\/elementor\/thumbs\/32293-qgc0xdo5a381m5nw3smfzcd0a6u8f0hwc3cty67l98.jpg\" \/>\n<meta name=\"twitter:card\" content=\"summary_large_image\" \/>\n<meta name=\"twitter:label1\" content=\"Dur\u00e9e de lecture estim\u00e9e\" \/>\n\t<meta name=\"twitter:data1\" content=\"2 minutes\" \/>\n<script type=\"application\/ld+json\" class=\"yoast-schema-graph\">{\"@context\":\"https:\/\/schema.org\",\"@graph\":[{\"@type\":\"WebPage\",\"@id\":\"https:\/\/uslab.fr\/?page_id=1413\",\"url\":\"https:\/\/uslab.fr\/?page_id=1413\",\"name\":\"Solutions shoes-cleaner - US LAB\",\"isPartOf\":{\"@id\":\"https:\/\/uslab.fr\/#website\"},\"primaryImageOfPage\":{\"@id\":\"https:\/\/uslab.fr\/?page_id=1413#primaryimage\"},\"image\":{\"@id\":\"https:\/\/uslab.fr\/?page_id=1413#primaryimage\"},\"thumbnailUrl\":\"https:\/\/uslab.fr\/wp-content\/uploads\/elementor\/thumbs\/32293-qgc0xdo5a381m5nw3smfzcd0a6u8f0hwc3cty67l98.jpg\",\"datePublished\":\"2023-10-22T19:27:38+00:00\",\"dateModified\":\"2024-01-12T11:52:39+00:00\",\"breadcrumb\":{\"@id\":\"https:\/\/uslab.fr\/?page_id=1413#breadcrumb\"},\"inLanguage\":\"fr-FR\",\"potentialAction\":[{\"@type\":\"ReadAction\",\"target\":[\"https:\/\/uslab.fr\/?page_id=1413\"]}]},{\"@type\":\"ImageObject\",\"inLanguage\":\"fr-FR\",\"@id\":\"https:\/\/uslab.fr\/?page_id=1413#primaryimage\",\"url\":\"https:\/\/uslab.fr\/wp-content\/uploads\/elementor\/thumbs\/32293-qgc0xdo5a381m5nw3smfzcd0a6u8f0hwc3cty67l98.jpg\",\"contentUrl\":\"https:\/\/uslab.fr\/wp-content\/uploads\/elementor\/thumbs\/32293-qgc0xdo5a381m5nw3smfzcd0a6u8f0hwc3cty67l98.jpg\"},{\"@type\":\"BreadcrumbList\",\"@id\":\"https:\/\/uslab.fr\/?page_id=1413#breadcrumb\",\"itemListElement\":[{\"@type\":\"ListItem\",\"position\":1,\"name\":\"Accueil\",\"item\":\"https:\/\/uslab.fr\/\"},{\"@type\":\"ListItem\",\"position\":2,\"name\":\"Solutions shoes-cleaner\"}]},{\"@type\":\"WebSite\",\"@id\":\"https:\/\/uslab.fr\/#website\",\"url\":\"https:\/\/uslab.fr\/\",\"name\":\"US LAB\",\"description\":\"D\u00e9tachants &amp; lessives\",\"publisher\":{\"@id\":\"https:\/\/uslab.fr\/#organization\"},\"potentialAction\":[{\"@type\":\"SearchAction\",\"target\":{\"@type\":\"EntryPoint\",\"urlTemplate\":\"https:\/\/uslab.fr\/?s={search_term_string}\"},\"query-input\":{\"@type\":\"PropertyValueSpecification\",\"valueRequired\":true,\"valueName\":\"search_term_string\"}}],\"inLanguage\":\"fr-FR\"},{\"@type\":\"Organization\",\"@id\":\"https:\/\/uslab.fr\/#organization\",\"name\":\"US LAB\",\"url\":\"https:\/\/uslab.fr\/\",\"logo\":{\"@type\":\"ImageObject\",\"inLanguage\":\"fr-FR\",\"@id\":\"https:\/\/uslab.fr\/#\/schema\/logo\/image\/\",\"url\":\"https:\/\/uslab.fr\/wp-content\/uploads\/2023\/10\/cropped-logoline-1-400-400x77-1-1.png\",\"contentUrl\":\"https:\/\/uslab.fr\/wp-content\/uploads\/2023\/10\/cropped-logoline-1-400-400x77-1-1.png\",\"width\":400,\"height\":77,\"caption\":\"US LAB\"},\"image\":{\"@id\":\"https:\/\/uslab.fr\/#\/schema\/logo\/image\/\"}}]}<\/script>\n<!-- \/ Yoast SEO plugin. -->","yoast_head_json":{"title":"Solutions shoes-cleaner - US LAB","robots":{"index":"index","follow":"follow","max-snippet":"max-snippet:-1","max-image-preview":"max-image-preview:large","max-video-preview":"max-video-preview:-1"},"canonical":"https:\/\/uslab.fr\/?page_id=1413","og_locale":"fr_FR","og_type":"article","og_title":"Solutions shoes-cleaner - US LAB","og_description":"Solutions shoes-cleaner Pour redonner vie aux chaussures et aux sneakers Shoes Cleaner Agent Nettoyant actif pour tout type de chaussures et de mati\u00e8res, Su\u00e8de, Velours, Cuir, Nubuck, Cro\u00fbte, Caoutchouc, Lin, Gore-Tex, Nylon, Satin, Espadrille, Plastique, Vinyle D\u00e9couvrir Cover Clean 75 ml Blanchisseur pour chaussures en cuir, cuir synth\u00e9tique et textile. D\u00e9couvrir Refresh Shoes 100 ml [&hellip;]","og_url":"https:\/\/uslab.fr\/?page_id=1413","og_site_name":"US LAB","article_modified_time":"2024-01-12T11:52:39+00:00","og_image":[{"url":"https:\/\/uslab.fr\/wp-content\/uploads\/elementor\/thumbs\/32293-qgc0xdo5a381m5nw3smfzcd0a6u8f0hwc3cty67l98.jpg","type":"","width":"","height":""}],"twitter_card":"summary_large_image","twitter_misc":{"Dur\u00e9e de lecture estim\u00e9e":"2 minutes"},"schema":{"@context":"https:\/\/schema.org","@graph":[{"@type":"WebPage","@id":"https:\/\/uslab.fr\/?page_id=1413","url":"https:\/\/uslab.fr\/?page_id=1413","name":"Solutions shoes-cleaner - US LAB","isPartOf":{"@id":"https:\/\/uslab.fr\/#website"},"primaryImageOfPage":{"@id":"https:\/\/uslab.fr\/?page_id=1413#primaryimage"},"image":{"@id":"https:\/\/uslab.fr\/?page_id=1413#primaryimage"},"thumbnailUrl":"https:\/\/uslab.fr\/wp-content\/uploads\/elementor\/thumbs\/32293-qgc0xdo5a381m5nw3smfzcd0a6u8f0hwc3cty67l98.jpg","datePublished":"2023-10-22T19:27:38+00:00","dateModified":"2024-01-12T11:52:39+00:00","breadcrumb":{"@id":"https:\/\/uslab.fr\/?page_id=1413#breadcrumb"},"inLanguage":"fr-FR","potentialAction":[{"@type":"ReadAction","target":["https:\/\/uslab.fr\/?page_id=1413"]}]},{"@type":"ImageObject","inLanguage":"fr-FR","@id":"https:\/\/uslab.fr\/?page_id=1413#primaryimage","url":"https:\/\/uslab.fr\/wp-content\/uploads\/elementor\/thumbs\/32293-qgc0xdo5a381m5nw3smfzcd0a6u8f0hwc3cty67l98.jpg","contentUrl":"https:\/\/uslab.fr\/wp-content\/uploads\/elementor\/thumbs\/32293-qgc0xdo5a381m5nw3smfzcd0a6u8f0hwc3cty67l98.jpg"},{"@type":"BreadcrumbList","@id":"https:\/\/uslab.fr\/?page_id=1413#breadcrumb","itemListElement":[{"@type":"ListItem","position":1,"name":"Accueil","item":"https:\/\/uslab.fr\/"},{"@type":"ListItem","position":2,"name":"Solutions shoes-cleaner"}]},{"@type":"WebSite","@id":"https:\/\/uslab.fr\/#website","url":"https:\/\/uslab.fr\/","name":"US LAB","description":"D\u00e9tachants &amp; lessives","publisher":{"@id":"https:\/\/uslab.fr\/#organization"},"potentialAction":[{"@type":"SearchAction","target":{"@type":"EntryPoint","urlTemplate":"https:\/\/uslab.fr\/?s={search_term_string}"},"query-input":{"@type":"PropertyValueSpecification","valueRequired":true,"valueName":"search_term_string"}}],"inLanguage":"fr-FR"},{"@type":"Organization","@id":"https:\/\/uslab.fr\/#organization","name":"US LAB","url":"https:\/\/uslab.fr\/","logo":{"@type":"ImageObject","inLanguage":"fr-FR","@id":"https:\/\/uslab.fr\/#\/schema\/logo\/image\/","url":"https:\/\/uslab.fr\/wp-content\/uploads\/2023\/10\/cropped-logoline-1-400-400x77-1-1.png","contentUrl":"https:\/\/uslab.fr\/wp-content\/uploads\/2023\/10\/cropped-logoline-1-400-400x77-1-1.png","width":400,"height":77,"caption":"US LAB"},"image":{"@id":"https:\/\/uslab.fr\/#\/schema\/logo\/image\/"}}]}},"_links":{"self":[{"href":"https:\/\/uslab.fr\/index.php?rest_route=\/wp\/v2\/pages\/1413","targetHints":{"allow":["GET"]}}],"collection":[{"href":"https:\/\/uslab.fr\/index.php?rest_route=\/wp\/v2\/pages"}],"about":[{"href":"https:\/\/uslab.fr\/index.php?rest_route=\/wp\/v2\/types\/page"}],"author":[{"embeddable":true,"href":"https:\/\/uslab.fr\/index.php?rest_route=\/wp\/v2\/users\/1"}],"replies":[{"embeddable":true,"href":"https:\/\/uslab.fr\/index.php?rest_route=%2Fwp%2Fv2%2Fcomments&post=1413"}],"version-history":[{"count":23,"href":"https:\/\/uslab.fr\/index.php?rest_route=\/wp\/v2\/pages\/1413\/revisions"}],"predecessor-version":[{"id":1874,"href":"https:\/\/uslab.fr\/index.php?rest_route=\/wp\/v2\/pages\/1413\/revisions\/1874"}],"wp:attachment":[{"href":"https:\/\/uslab.fr\/index.php?rest_route=%2Fwp%2Fv2%2Fmedia&parent=1413"}],"curies":[{"name":"wp","href":"https:\/\/api.w.org\/{rel}","templated":true}]}}