{"id":1349,"date":"2023-10-15T12:51:08","date_gmt":"2023-10-15T12:51:08","guid":{"rendered":"https:\/\/uslab.fr\/?page_id=1349"},"modified":"2023-11-12T00:30:41","modified_gmt":"2023-11-12T00:30:41","slug":"nos-services","status":"publish","type":"page","link":"https:\/\/uslab.fr\/?page_id=1349","title":{"rendered":"Nos services"},"content":{"rendered":"\t\t<div data-elementor-type=\"wp-page\" data-elementor-id=\"1349\" class=\"elementor elementor-1349\" data-elementor-post-type=\"page\">\n\t\t\t\t<div class=\"elementor-element elementor-element-3c6adb8 e-flex e-con-boxed e-con e-parent\" data-id=\"3c6adb8\" data-element_type=\"container\" data-settings=\"{&quot;background_background&quot;:&quot;classic&quot;}\">\n\t\t\t\t\t<div class=\"e-con-inner\">\n\t\t\t\t<div class=\"elementor-element elementor-element-86fe9aa elementor-widget elementor-widget-image\" data-id=\"86fe9aa\" data-element_type=\"widget\" data-widget_type=\"image.default\">\n\t\t\t\t<div class=\"elementor-widget-container\">\n\t\t\t\t\t\t\t\t\t\t\t\t\t\t\t<img decoding=\"async\" src=\"https:\/\/uslab.fr\/wp-content\/uploads\/elementor\/thumbs\/32293-rbeehkqm9gq7hfrpix4i57qgqmw9uwbrw70v82d9w2.jpg\" title=\"32293\" alt=\"32293\" loading=\"lazy\" \/>\t\t\t\t\t\t\t\t\t\t\t\t\t\t\t<\/div>\n\t\t\t\t<\/div>\n\t\t\t\t<div class=\"elementor-element elementor-element-545e90a elementor-widget elementor-widget-heading\" data-id=\"545e90a\" data-element_type=\"widget\" data-widget_type=\"heading.default\">\n\t\t\t\t<div class=\"elementor-widget-container\">\n\t\t\t\t\t<h1 class=\"elementor-heading-title elementor-size-default\">Personnalisation des formules<\/h1>\t\t\t\t<\/div>\n\t\t\t\t<\/div>\n\t\t\t\t\t<\/div>\n\t\t\t\t<\/div>\n\t\t<div class=\"elementor-element elementor-element-7c5d52a e-flex e-con-boxed e-con e-parent\" data-id=\"7c5d52a\" data-element_type=\"container\">\n\t\t\t\t\t<div class=\"e-con-inner\">\n\t\t<div class=\"elementor-element elementor-element-f3dbacf e-con-full e-flex e-con e-child\" data-id=\"f3dbacf\" data-element_type=\"container\">\n\t\t\t\t<div class=\"elementor-element elementor-element-1c98624 elementor-widget elementor-widget-heading\" data-id=\"1c98624\" data-element_type=\"widget\" data-widget_type=\"heading.default\">\n\t\t\t\t<div class=\"elementor-widget-container\">\n\t\t\t\t\t<h3 class=\"elementor-heading-title elementor-size-default\">Solutions &amp; produits enti\u00e8rement personnalis\u00e9s<\/h3>\t\t\t\t<\/div>\n\t\t\t\t<\/div>\n\t\t\t\t<div class=\"elementor-element elementor-element-a0a9bcb elementor-widget elementor-widget-heading\" data-id=\"a0a9bcb\" data-element_type=\"widget\" data-widget_type=\"heading.default\">\n\t\t\t\t<div class=\"elementor-widget-container\">\n\t\t\t\t\t<p class=\"elementor-heading-title elementor-size-default\">Nous pouvons offrir \u00e0 nos clients une assistance dans le cadre d'une formulation sp\u00e9cifique. Nous d\u00e9veloppons continuellement des nouvelles formulations dans notre laboratoire et pouvons fabriquer un produit pour r\u00e9soudre un probl\u00e8me sp\u00e9cifique de nettoyage.\nNous encourageons nos clients \u00e0 collaborer avec notre personnel pour atteindre les performances, l'apparence, l'odeur qui r\u00e9pond aux besoins de leurs utilisateurs. Nos centres de production fournissent une large gamme de conditionnement qui vous permettra de r\u00e9pondre \u00e0 tous les besoins.<\/p>\t\t\t\t<\/div>\n\t\t\t\t<\/div>\n\t\t\t\t<\/div>\n\t\t<div class=\"elementor-element elementor-element-2500835 e-con-full e-flex e-con e-child\" data-id=\"2500835\" data-element_type=\"container\">\n\t\t\t\t<div class=\"elementor-element elementor-element-9b944d7 elementor-widget elementor-widget-image\" data-id=\"9b944d7\" data-element_type=\"widget\" data-widget_type=\"image.default\">\n\t\t\t\t<div class=\"elementor-widget-container\">\n\t\t\t\t\t\t\t\t\t\t\t\t\t\t\t<img fetchpriority=\"high\" decoding=\"async\" width=\"500\" height=\"350\" src=\"https:\/\/uslab.fr\/wp-content\/uploads\/2023\/11\/Muted-Blue-Full-Photo-Life-Insurance-Instagram-Post-1.png\" class=\"attachment-large size-large wp-image-1605\" alt=\"\" srcset=\"https:\/\/uslab.fr\/wp-content\/uploads\/2023\/11\/Muted-Blue-Full-Photo-Life-Insurance-Instagram-Post-1.png 500w, https:\/\/uslab.fr\/wp-content\/uploads\/2023\/11\/Muted-Blue-Full-Photo-Life-Insurance-Instagram-Post-1-300x210.png 300w\" sizes=\"(max-width: 500px) 100vw, 500px\" \/>\t\t\t\t\t\t\t\t\t\t\t\t\t\t\t<\/div>\n\t\t\t\t<\/div>\n\t\t\t\t<\/div>\n\t\t\t\t\t<\/div>\n\t\t\t\t<\/div>\n\t\t<div class=\"elementor-element elementor-element-ecf26e3 e-flex e-con-boxed e-con e-parent\" data-id=\"ecf26e3\" data-element_type=\"container\">\n\t\t\t\t\t<div class=\"e-con-inner\">\n\t\t<div class=\"elementor-element elementor-element-5fc10a2 e-con-full e-flex e-con e-child\" data-id=\"5fc10a2\" data-element_type=\"container\">\n\t\t\t\t<div class=\"elementor-element elementor-element-e4b15ce elementor-widget elementor-widget-image\" data-id=\"e4b15ce\" data-element_type=\"widget\" data-widget_type=\"image.default\">\n\t\t\t\t<div class=\"elementor-widget-container\">\n\t\t\t\t\t\t\t\t\t\t\t\t\t\t\t<img decoding=\"async\" width=\"640\" height=\"640\" src=\"https:\/\/uslab.fr\/wp-content\/uploads\/2023\/11\/fondetik-640x640-1.jpg\" class=\"attachment-large size-large wp-image-1603\" alt=\"\" srcset=\"https:\/\/uslab.fr\/wp-content\/uploads\/2023\/11\/fondetik-640x640-1.jpg 640w, https:\/\/uslab.fr\/wp-content\/uploads\/2023\/11\/fondetik-640x640-1-300x300.jpg 300w, https:\/\/uslab.fr\/wp-content\/uploads\/2023\/11\/fondetik-640x640-1-150x150.jpg 150w, https:\/\/uslab.fr\/wp-content\/uploads\/2023\/11\/fondetik-640x640-1-600x600.jpg 600w, https:\/\/uslab.fr\/wp-content\/uploads\/2023\/11\/fondetik-640x640-1-100x100.jpg 100w\" sizes=\"(max-width: 640px) 100vw, 640px\" \/>\t\t\t\t\t\t\t\t\t\t\t\t\t\t\t<\/div>\n\t\t\t\t<\/div>\n\t\t\t\t<\/div>\n\t\t<div class=\"elementor-element elementor-element-fb64060 e-con-full e-flex e-con e-child\" data-id=\"fb64060\" data-element_type=\"container\">\n\t\t\t\t<div class=\"elementor-element elementor-element-a78c28a elementor-widget elementor-widget-heading\" data-id=\"a78c28a\" data-element_type=\"widget\" data-widget_type=\"heading.default\">\n\t\t\t\t<div class=\"elementor-widget-container\">\n\t\t\t\t\t<h3 class=\"elementor-heading-title elementor-size-default\">Etiquettes personnalis\u00e9es\n<\/h3>\t\t\t\t<\/div>\n\t\t\t\t<\/div>\n\t\t\t\t<div class=\"elementor-element elementor-element-ea05657 elementor-widget elementor-widget-heading\" data-id=\"ea05657\" data-element_type=\"widget\" data-widget_type=\"heading.default\">\n\t\t\t\t<div class=\"elementor-widget-container\">\n\t\t\t\t\t<p class=\"elementor-heading-title elementor-size-default\">Les \u00e9tiquettes sont destin\u00e9es \u00e0 diff\u00e9rencier votre produit de ceux de vos concurrents et l'apparence de votre conditionnement est partie int\u00e9grante de votre entreprise. Une bonne conception de l'\u00e9tiquette est primordiale.\nLes clients professionnels ou grand public peuvent passer \u00e0 d'autres produits si ils ne peuvent pas identifier votre marque.<\/p>\t\t\t\t<\/div>\n\t\t\t\t<\/div>\n\t\t\t\t<div class=\"elementor-element elementor-element-adbddc7 elementor-widget elementor-widget-heading\" data-id=\"adbddc7\" data-element_type=\"widget\" data-widget_type=\"heading.default\">\n\t\t\t\t<div class=\"elementor-widget-container\">\n\t\t\t\t\t<p class=\"elementor-heading-title elementor-size-default\">Peut-\u00eatre voulez vous une conception g\u00e9n\u00e9rique ? Vos produits peuvent aussi avoir un look unique qui vous distingue de vos concurrents. Nous pouvons vous aider \u00e0 la conception ou vous pouvez nous fournir celle-ci. Notre flexibilit\u00e9 est totale.<\/p>\t\t\t\t<\/div>\n\t\t\t\t<\/div>\n\t\t\t\t<\/div>\n\t\t\t\t\t<\/div>\n\t\t\t\t<\/div>\n\t\t\t\t<\/div>\n\t\t","protected":false},"excerpt":{"rendered":"<p>Personnalisation des formules Solutions &#038; produits enti\u00e8rement personnalis\u00e9s Nous pouvons offrir \u00e0 nos clients une assistance dans le cadre d&rsquo;une formulation sp\u00e9cifique. Nous d\u00e9veloppons continuellement des nouvelles formulations dans notre laboratoire et pouvons fabriquer un produit pour r\u00e9soudre un probl\u00e8me sp\u00e9cifique de nettoyage. Nous encourageons nos clients \u00e0 collaborer avec notre personnel pour atteindre les [&hellip;]<\/p>\n","protected":false},"author":1,"featured_media":0,"parent":0,"menu_order":0,"comment_status":"closed","ping_status":"closed","template":"","meta":{"footnotes":""},"class_list":["post-1349","page","type-page","status-publish","hentry"],"yoast_head":"<!-- This site is optimized with the Yoast SEO plugin v25.8 - https:\/\/yoast.com\/wordpress\/plugins\/seo\/ -->\n<title>Nos services - US LAB<\/title>\n<meta name=\"robots\" content=\"index, follow, max-snippet:-1, max-image-preview:large, max-video-preview:-1\" \/>\n<link rel=\"canonical\" href=\"https:\/\/uslab.fr\/?page_id=1349\" \/>\n<meta property=\"og:locale\" content=\"fr_FR\" \/>\n<meta property=\"og:type\" content=\"article\" \/>\n<meta property=\"og:title\" content=\"Nos services - US LAB\" \/>\n<meta property=\"og:description\" content=\"Personnalisation des formules Solutions &#038; produits enti\u00e8rement personnalis\u00e9s Nous pouvons offrir \u00e0 nos clients une assistance dans le cadre d&rsquo;une formulation sp\u00e9cifique. Nous d\u00e9veloppons continuellement des nouvelles formulations dans notre laboratoire et pouvons fabriquer un produit pour r\u00e9soudre un probl\u00e8me sp\u00e9cifique de nettoyage. Nous encourageons nos clients \u00e0 collaborer avec notre personnel pour atteindre les [&hellip;]\" \/>\n<meta property=\"og:url\" content=\"https:\/\/uslab.fr\/?page_id=1349\" \/>\n<meta property=\"og:site_name\" content=\"US LAB\" \/>\n<meta property=\"article:modified_time\" content=\"2023-11-12T00:30:41+00:00\" \/>\n<meta property=\"og:image\" content=\"https:\/\/uslab.fr\/wp-content\/uploads\/elementor\/thumbs\/32293-qdo9f7ozqvrgb8lrazqymm0ga41ttgqofszxvjla3g.jpg\" \/>\n<meta name=\"twitter:card\" content=\"summary_large_image\" \/>\n<meta name=\"twitter:label1\" content=\"Dur\u00e9e de lecture estim\u00e9e\" \/>\n\t<meta name=\"twitter:data1\" content=\"2 minutes\" \/>\n<script type=\"application\/ld+json\" class=\"yoast-schema-graph\">{\"@context\":\"https:\/\/schema.org\",\"@graph\":[{\"@type\":\"WebPage\",\"@id\":\"https:\/\/uslab.fr\/?page_id=1349\",\"url\":\"https:\/\/uslab.fr\/?page_id=1349\",\"name\":\"Nos services - US LAB\",\"isPartOf\":{\"@id\":\"https:\/\/uslab.fr\/#website\"},\"primaryImageOfPage\":{\"@id\":\"https:\/\/uslab.fr\/?page_id=1349#primaryimage\"},\"image\":{\"@id\":\"https:\/\/uslab.fr\/?page_id=1349#primaryimage\"},\"thumbnailUrl\":\"https:\/\/uslab.fr\/wp-content\/uploads\/elementor\/thumbs\/32293-qdo9f7ozqvrgb8lrazqymm0ga41ttgqofszxvjla3g.jpg\",\"datePublished\":\"2023-10-15T12:51:08+00:00\",\"dateModified\":\"2023-11-12T00:30:41+00:00\",\"breadcrumb\":{\"@id\":\"https:\/\/uslab.fr\/?page_id=1349#breadcrumb\"},\"inLanguage\":\"fr-FR\",\"potentialAction\":[{\"@type\":\"ReadAction\",\"target\":[\"https:\/\/uslab.fr\/?page_id=1349\"]}]},{\"@type\":\"ImageObject\",\"inLanguage\":\"fr-FR\",\"@id\":\"https:\/\/uslab.fr\/?page_id=1349#primaryimage\",\"url\":\"https:\/\/uslab.fr\/wp-content\/uploads\/elementor\/thumbs\/32293-qdo9f7ozqvrgb8lrazqymm0ga41ttgqofszxvjla3g.jpg\",\"contentUrl\":\"https:\/\/uslab.fr\/wp-content\/uploads\/elementor\/thumbs\/32293-qdo9f7ozqvrgb8lrazqymm0ga41ttgqofszxvjla3g.jpg\"},{\"@type\":\"BreadcrumbList\",\"@id\":\"https:\/\/uslab.fr\/?page_id=1349#breadcrumb\",\"itemListElement\":[{\"@type\":\"ListItem\",\"position\":1,\"name\":\"Accueil\",\"item\":\"https:\/\/uslab.fr\/\"},{\"@type\":\"ListItem\",\"position\":2,\"name\":\"Nos services\"}]},{\"@type\":\"WebSite\",\"@id\":\"https:\/\/uslab.fr\/#website\",\"url\":\"https:\/\/uslab.fr\/\",\"name\":\"US LAB\",\"description\":\"D\u00e9tachants &amp; lessives\",\"publisher\":{\"@id\":\"https:\/\/uslab.fr\/#organization\"},\"potentialAction\":[{\"@type\":\"SearchAction\",\"target\":{\"@type\":\"EntryPoint\",\"urlTemplate\":\"https:\/\/uslab.fr\/?s={search_term_string}\"},\"query-input\":{\"@type\":\"PropertyValueSpecification\",\"valueRequired\":true,\"valueName\":\"search_term_string\"}}],\"inLanguage\":\"fr-FR\"},{\"@type\":\"Organization\",\"@id\":\"https:\/\/uslab.fr\/#organization\",\"name\":\"US LAB\",\"url\":\"https:\/\/uslab.fr\/\",\"logo\":{\"@type\":\"ImageObject\",\"inLanguage\":\"fr-FR\",\"@id\":\"https:\/\/uslab.fr\/#\/schema\/logo\/image\/\",\"url\":\"https:\/\/uslab.fr\/wp-content\/uploads\/2023\/10\/cropped-logoline-1-400-400x77-1-1.png\",\"contentUrl\":\"https:\/\/uslab.fr\/wp-content\/uploads\/2023\/10\/cropped-logoline-1-400-400x77-1-1.png\",\"width\":400,\"height\":77,\"caption\":\"US LAB\"},\"image\":{\"@id\":\"https:\/\/uslab.fr\/#\/schema\/logo\/image\/\"}}]}<\/script>\n<!-- \/ Yoast SEO plugin. -->","yoast_head_json":{"title":"Nos services - US LAB","robots":{"index":"index","follow":"follow","max-snippet":"max-snippet:-1","max-image-preview":"max-image-preview:large","max-video-preview":"max-video-preview:-1"},"canonical":"https:\/\/uslab.fr\/?page_id=1349","og_locale":"fr_FR","og_type":"article","og_title":"Nos services - US LAB","og_description":"Personnalisation des formules Solutions &#038; produits enti\u00e8rement personnalis\u00e9s Nous pouvons offrir \u00e0 nos clients une assistance dans le cadre d&rsquo;une formulation sp\u00e9cifique. Nous d\u00e9veloppons continuellement des nouvelles formulations dans notre laboratoire et pouvons fabriquer un produit pour r\u00e9soudre un probl\u00e8me sp\u00e9cifique de nettoyage. Nous encourageons nos clients \u00e0 collaborer avec notre personnel pour atteindre les [&hellip;]","og_url":"https:\/\/uslab.fr\/?page_id=1349","og_site_name":"US LAB","article_modified_time":"2023-11-12T00:30:41+00:00","og_image":[{"url":"https:\/\/uslab.fr\/wp-content\/uploads\/elementor\/thumbs\/32293-qdo9f7ozqvrgb8lrazqymm0ga41ttgqofszxvjla3g.jpg","type":"","width":"","height":""}],"twitter_card":"summary_large_image","twitter_misc":{"Dur\u00e9e de lecture estim\u00e9e":"2 minutes"},"schema":{"@context":"https:\/\/schema.org","@graph":[{"@type":"WebPage","@id":"https:\/\/uslab.fr\/?page_id=1349","url":"https:\/\/uslab.fr\/?page_id=1349","name":"Nos services - US LAB","isPartOf":{"@id":"https:\/\/uslab.fr\/#website"},"primaryImageOfPage":{"@id":"https:\/\/uslab.fr\/?page_id=1349#primaryimage"},"image":{"@id":"https:\/\/uslab.fr\/?page_id=1349#primaryimage"},"thumbnailUrl":"https:\/\/uslab.fr\/wp-content\/uploads\/elementor\/thumbs\/32293-qdo9f7ozqvrgb8lrazqymm0ga41ttgqofszxvjla3g.jpg","datePublished":"2023-10-15T12:51:08+00:00","dateModified":"2023-11-12T00:30:41+00:00","breadcrumb":{"@id":"https:\/\/uslab.fr\/?page_id=1349#breadcrumb"},"inLanguage":"fr-FR","potentialAction":[{"@type":"ReadAction","target":["https:\/\/uslab.fr\/?page_id=1349"]}]},{"@type":"ImageObject","inLanguage":"fr-FR","@id":"https:\/\/uslab.fr\/?page_id=1349#primaryimage","url":"https:\/\/uslab.fr\/wp-content\/uploads\/elementor\/thumbs\/32293-qdo9f7ozqvrgb8lrazqymm0ga41ttgqofszxvjla3g.jpg","contentUrl":"https:\/\/uslab.fr\/wp-content\/uploads\/elementor\/thumbs\/32293-qdo9f7ozqvrgb8lrazqymm0ga41ttgqofszxvjla3g.jpg"},{"@type":"BreadcrumbList","@id":"https:\/\/uslab.fr\/?page_id=1349#breadcrumb","itemListElement":[{"@type":"ListItem","position":1,"name":"Accueil","item":"https:\/\/uslab.fr\/"},{"@type":"ListItem","position":2,"name":"Nos services"}]},{"@type":"WebSite","@id":"https:\/\/uslab.fr\/#website","url":"https:\/\/uslab.fr\/","name":"US LAB","description":"D\u00e9tachants &amp; lessives","publisher":{"@id":"https:\/\/uslab.fr\/#organization"},"potentialAction":[{"@type":"SearchAction","target":{"@type":"EntryPoint","urlTemplate":"https:\/\/uslab.fr\/?s={search_term_string}"},"query-input":{"@type":"PropertyValueSpecification","valueRequired":true,"valueName":"search_term_string"}}],"inLanguage":"fr-FR"},{"@type":"Organization","@id":"https:\/\/uslab.fr\/#organization","name":"US LAB","url":"https:\/\/uslab.fr\/","logo":{"@type":"ImageObject","inLanguage":"fr-FR","@id":"https:\/\/uslab.fr\/#\/schema\/logo\/image\/","url":"https:\/\/uslab.fr\/wp-content\/uploads\/2023\/10\/cropped-logoline-1-400-400x77-1-1.png","contentUrl":"https:\/\/uslab.fr\/wp-content\/uploads\/2023\/10\/cropped-logoline-1-400-400x77-1-1.png","width":400,"height":77,"caption":"US LAB"},"image":{"@id":"https:\/\/uslab.fr\/#\/schema\/logo\/image\/"}}]}},"_links":{"self":[{"href":"https:\/\/uslab.fr\/index.php?rest_route=\/wp\/v2\/pages\/1349","targetHints":{"allow":["GET"]}}],"collection":[{"href":"https:\/\/uslab.fr\/index.php?rest_route=\/wp\/v2\/pages"}],"about":[{"href":"https:\/\/uslab.fr\/index.php?rest_route=\/wp\/v2\/types\/page"}],"author":[{"embeddable":true,"href":"https:\/\/uslab.fr\/index.php?rest_route=\/wp\/v2\/users\/1"}],"replies":[{"embeddable":true,"href":"https:\/\/uslab.fr\/index.php?rest_route=%2Fwp%2Fv2%2Fcomments&post=1349"}],"version-history":[{"count":13,"href":"https:\/\/uslab.fr\/index.php?rest_route=\/wp\/v2\/pages\/1349\/revisions"}],"predecessor-version":[{"id":1608,"href":"https:\/\/uslab.fr\/index.php?rest_route=\/wp\/v2\/pages\/1349\/revisions\/1608"}],"wp:attachment":[{"href":"https:\/\/uslab.fr\/index.php?rest_route=%2Fwp%2Fv2%2Fmedia&parent=1349"}],"curies":[{"name":"wp","href":"https:\/\/api.w.org\/{rel}","templated":true}]}}